False
Let w be (2 - 1 - -3)/2. Let g(p) = 22*p**3 - 11*p**3 + 8*p**3 - 1 + 19*p**3 + p. Is g(w) composite?
True
Let w = -34 + 74. Suppose 2*s - 4*p + w = -2*p, -5*s = -p + 120. Let d = s + 44. Is d composite?
False
Let o(m) = 7*m - 1. Let u be o(1). Let t be 12/30 - u/(-10). Is (99/15 + t)*5 composite?
True
Let o(l) = 2*l**2 - 3*l - 5. Suppose 10 = -2*k - 3*m - 8, 0 = -2*k - 4*m - 20. Is o(k) a prime number?
False
Let b(c) = -5*c**3 - 6*c**2 - 3*c + 9. Let s(u) = -4*u**3 - 5*u**2 - 3*u + 8. Let k(v) = 5*b(v) - 6*s(v). Is k(-4) composite?
True
Let i(s) = -9 + 3 + 2*s**2 - 7 + 3*s. Is i(-10) a prime number?
True
Is 2/6*(0 + 471) a prime number?
True
Let f = -23 - -32. Suppose 185 = 2*i - f. Is i prime?
True
Suppose 908 = -2*t + 3*t. Is 1 - 0 - (2 - t) a composite number?
False
Let z = -2 + 26. Let f = 12 - z. Let n = 73 - f. Is n composite?
True
Let w(b) = 11*b. Let r(t) = t + 1. Let v(j) = 2*r(j) + 2*w(j). Let d be v(3). Is d/(-4)*(1 - 3) a prime number?
True
Suppose 0*a - 5*a - 3*v + 1699 = 0, -a - 5*v = -331. Is a prime?
False
Let l(m) = -45*m**2 + 4. Let f be l(-2). Let q = -15 - f. Is q composite?
True
Suppose -12 = -4*j, 4*b = -0*b + 2*j + 1342. Is b a prime number?
True
Let k = -3 + 8. Suppose 557 = 5*i + 2*d, 0 = k*i - d - 62 - 507. Is i a prime number?
True
Let h = 823 + 64. Is h a prime number?
True
Let b(k) = -k**3 - k**2 - 2. Let u be b(0). Suppose 3*a = -3*s + 252 + 9, 5*a + s - 427 = 0. Let d = u + a. Is d composite?
False
Let p(u) = -u**3 - 9*u**2 + 12*u + 14. Let n be p(-10). Is (-1 + 24)*(-3 - n) composite?
True
Let p(l) = -4*l**3 + 3*l**2 + 3*l + 5. Let j be p(-4). Suppose -g = -2*n + 589, -n - g + j = g. Is n prime?
False
Let w(r) = r**2 - r + 1. Let j(o) = o + 11. Suppose -2*p - 18 = -p - 4*m, 2*p + 2*m = -6. Let s be j(p). Is w(s) a composite number?
True
Let i = 0 - 1. Let w be 9*(i - (-4)/(-2)). Let l = w + 48. Is l a prime number?
False
Let i(q) = -q**3 - 3*q**2 + 4*q + 3. Suppose 0 = -0*k - 5*k - 30. Let z be i(k). Suppose -17 - z = -4*x. Is x a composite number?
True
Suppose 0 = 2*o - 6, 0*o + 2*o - 5 = y. Let z be (3 - 4)*-4*y. Suppose 0 = 5*d - v - 12, z*d - 2*d + 4*v - 18 = 0. Is d composite?
False
Let d = -403 + 1754. Is d a prime number?
False
Suppose 4*g - 3*p - 35 = 0, -2*g + 7*p = 2*p - 35. Suppose 0*t - g*t = -50. Is t a composite number?
True
Let k = 200 + -123. Is k a composite number?
True
Let s be (-45)/3*24/(-10). Suppose -y = -1 - s. Is y composite?
False
Let w be (92/(-8))/((-2)/4). Let s = w + 28. Is s prime?
False
Let w = 1 + -1. Suppose w = g + 2*g - 285. Is g a composite number?
True
Suppose v = -5*x - 25, 3*x = -3*v - 3 - 0. Let t = -10 + 30. Let j = t + x. Is j composite?
True
Let t(q) = -8*q**2 - q - 5. Let r be t(-8). Is r/(-4) - (-3)/(-12) a composite number?
False
Let j be 1*6/2 - 12. Let u = j - 3. Let n = u - -71. Is n a composite number?
False
Suppose 7*w - 8222 - 1837 = 0. Is w prime?
False
Suppose 1 = 2*k - 4*n + 7, 3*n = 5*k - 6. Suppose 7*d - k*d = -4*l + 156, 66 = 2*d - 4*l. Is d a prime number?
True
Let v(o) = 4*o**3 - 2*o + 1. Let i be v(1). Let m = i + 0. Suppose -m*h = -88 + 10. Is h prime?
False
Suppose -1024 = 5*t - 4994. Is t a composite number?
True
Let j be (-8 - -9)/((-2)/(-4)). Suppose 5*f - j - 173 = 0. Is f a composite number?
True
Suppose -4 = 4*k, -4*k + 2*k - 2 = -4*z. Suppose -3*j + 8 + 394 = z. Is j prime?
False
Let w(m) = 12*m - 33. Is w(7) a prime number?
False
Suppose 0 = -2*d - w + 162 + 1461, -5*d + 4020 = -5*w. Is d a prime number?
True
Suppose 13 = 5*a - 2*m, -4*a + 24 = -4*m - m. Let t(y) = 2*y - 2*y**3 - a - 8*y**2 + 3*y**3 + 7*y**2. Is t(3) composite?
False
Let i = 146 + 243. Is i prime?
True
Suppose b - 2*b = -4. Suppose 0 = f + 2*s - 85, b*f = 5*s - 0*s + 366. Is f composite?
False
Is 2/(-3) - (-3 + (-1240)/6) prime?
False
Suppose 0 = 2*a - m, -a + m = -3*m. Let x = 8 - 6. Suppose a = w - x*w + 37. Is w composite?
False
Suppose -137 = -3*o - 26. Is o prime?
True
Suppose p = -5*q - 3*p + 3175, p - 1905 = -3*q. Is q composite?
True
Is (-573)/3*(2 + -3) a composite number?
False
Let b(f) = -3*f**2 + 16*f - 11*f - 10 + 5*f**2. Is b(-7) a composite number?
False
Suppose -4*d - j = -12, 2*d = 4*j + 16 + 8. Suppose d*s - 2356 = s - 5*i, 3*s - 4*i = 2365. Is s prime?
True
Suppose 2*i = 5 - 1. Suppose 0 = -2*s - i*s + 152. Is s a composite number?
True
Let c(b) = b**3 + 2*b**2 - 5*b - 4. Let i be c(-3). Is ((-12)/(-3))/i + 249 composite?
False
Let n be ((-21)/9)/((-1)/3). Let o(m) = -2 + 1 + 17*m - 2 - m**2. Is o(n) a prime number?
True
Let j(y) = 191*y. Is j(1) a composite number?
False
Let u be (0/1)/(13 + -15). Suppose u = -5*a - 2 + 277. Is a prime?
False
Let g = -26 - -1275. Is g prime?
True
Let r = 39 - 27. Let t = r + 22. Is t a composite number?
True
Let n(t) = -t**3 + 2*t**2 - 19*t + 11. Is n(-9) a prime number?
False
Suppose 0 = 4*z - z + 99. Let i = z + 116. Is i composite?
False
Suppose -4*u - u + 5 = 0. Is 33*u + 8/4 a prime number?
False
Let h(r) = r**3 - 9*r**2 - r + 11. Let m be h(9). Is 2 + m + 59 - -2 a composite number?
True
Is 72/7 - (-4)/(-14) prime?
False
Let x be (-4)/14 - (-36)/(-21). Let v be (4/8)/(x/88). Let b = 43 + v. Is b a composite number?
True
Let f be (3 + -1 - -2) + -1. Let i(j) = 9*j**2 - 2. Is i(f) prime?
True
Suppose 1 = 3*r - 4*a, 2*r + 2*a - 8 = 2. Suppose 0 = -3*y - 0*h - r*h + 153, 0 = 4*y - 5*h - 168. Is y prime?
True
Let s(y) = y**2 + 2*y - 10. Is s(-9) prime?
True
Let u = -11 - -16. Suppose -w = -u*w. Let v = 9 + w. Is v a composite number?
True
Let w = 158 + 27. Is w prime?
False
Let q = 197 + -70. Is q a composite number?
False
Let i be (615/(-45))/(1/3). Let t = i + 84. Is t prime?
True
Suppose -2*n + 4*n - 8 = 0. Suppose 4 = n*k - 3*k. Suppose -2*x = -t + 55, 0*t + 3*x - 242 = -k*t. Is t a prime number?
True
Suppose -q = -5*q - o + 167, -2*q = -2*o - 96. Let m = q + 16. Is m composite?
False
Suppose -9 = -2*m + 5*m. Is (-30)/(-3) + 0/m prime?
False
Suppose 0 = 5*w - 99 + 9. Is 2*w - (-3 - -1) a composite number?
True
Let r(n) = -5*n + 3. Let f be r(-5). Suppose f + 55 = 3*b - 5*y, 4*b = -4*y + 100. Is b prime?
False
Suppose -3*r = 2*r - 4475. Suppose 2*s + 2227 = 5*a, -5*a + 3*a + r = -5*s. Is a a composite number?
True
Let a(n) = -101*n**2 + 2*n + 6. Let f be a(-3). Is f/(-18) - (-1)/2 a composite number?
True
Suppose -5*t = -16*t + 33803. Is t prime?
False
Suppose 0*v - v = 2. Is (v + 2*26)/2 a prime number?
False
Suppose -2*b + 6 = 5*c + 2*b, 14 = 5*c - 4*b. Suppose c*a - 28 = 10. Is a composite?
False
Suppose -2*r + 260 = 2*u, -2*u = -2*r - 0*u + 260. Let t = -65 + r. Is t a prime number?
False
Suppose -9*b + 222 = -633. Is b a composite number?
True
Let j(u) = -10*u + 1. Suppose -4 + 2 = -2*o. Let f(d) = 1. Let s(g) = o*j(g) - 4*f(g). Is s(-4) composite?
False
Is (10/2)/5*379 prime?
True
Is ((-12)/(-2))/(-3) + 225 composite?
False
Let v(l) = l**3 - 4*l**2 + 4*l - 1. Let c be 1 + (1 - -2 - 1). Let j be v(c). Suppose 2*z = j*n - 5*n + 18, -4*n - 4*z = -24. Is n composite?
True
Let z(n) = n**2 + 5. Let i be 1 - (11 + -1*2). Is z(i) composite?
True
Let a = 7516 - -11869. Is a prime?
False
Let c be (-4)/8 + 7/2. Suppose k - 121 = -4*l + 53, -c*k = -4*l + 182. Suppose -4*b - 4*j + 16 = -l, 0 = -5*b + 4*j + 57. Is b a composite number?
False
Suppose -3*y = -4*v + 328, 5*v - 2*y - 332 = v. Is v a composite number?
True
Suppose 0 = -4*f + 2*p + 2738, -4*f - p + 2963 = 234. Is f a composite number?
False
Let l = 16 + 5. Suppose -s + 26 = -l. Is s a composite number?
False
Suppose -a - 8 = -7*g + 5*g, -2*g - 5*a = -8. Suppose -195 = -g*h + 93. Suppose 0 = -x + 5*x + 5*r - h, 3*r = 5*x - 53. Is x composite?
False
Let j(b) = 10*b**2 - 15*b + 1. Is j(-12) a prime number?
True
Let p = 3 - 7. Let y be 19/p - (-7)/(-28). Let d(h) = 2*h**2 + 5*h. Is d(y) a prime number?
False
Let r(h) = h**3 + 6*h**2 - h - 6. Let w be r(-6). Let u be -1 + (-1 + w)*-3. Suppose -3*o + 0*j + 20 = -j, -u*j + 14 = 3*o. Is o a prime number?
False
Suppose 3*z = 2*z + 55. Suppose 0 = 3*q - 614 - z. Is q composite?
False
Suppose 3*z - 9 = 0, 3*t - 2*t - z + 17 = 0. Let o be -1*(-2 - -2) - 14. Is (-2194)/o + (-4)/t composite?
False
Let v be ((-110)/15)/(2/93). Let s = 598 + v. Is s a composite number?
False
Suppose 4*h - 11 + 3 = 0. Suppose 7*t - 1115 